{"id":4857,"date":"2024-11-13T16:20:32","date_gmt":"2024-11-13T15:20:32","guid":{"rendered":"https:\/\/fredavelle.fr\/?page_id=4857"},"modified":"2024-11-14T10:39:34","modified_gmt":"2024-11-14T09:39:34","slug":"cadeaux-clients","status":"publish","type":"page","link":"https:\/\/fredavelle.fr\/index.php\/cadeaux-clients\/","title":{"rendered":"Cadeaux clients"},"content":{"rendered":"\n<div class=\"wp-block-media-text alignfull has-media-on-the-right is-stacked-on-mobile\"><div class=\"wp-block-media-text__content\">\n<hr class=\"wp-block-separator has-text-color has-white-color has-alpha-channel-opacity has-white-background-color has-background\"\/>\n\n\n\n<hr class=\"wp-block-separator has-text-color has-white-color has-alpha-channel-opacity has-white-background-color has-background\"\/>\n\n\n\n<hr class=\"wp-block-separator has-text-color has-white-color has-alpha-channel-opacity has-white-background-color has-background\"\/>\n\n\n\n<p style=\"font-size:clamp(14px, 0.875rem + ((1vw - 3.2px) * 0.265), 17px);\">Chers clients chefs d&#8217;entreprise, <br>\u00e0 l&#8217;approche des f\u00eates de No\u00ebl, nous avons \u00e9tabli un catalogue des produits de la boutique propos\u00e9s \u00e0 tarifs pr\u00e9f\u00e9rentiels. En plus des vins du domaine, vous retrouverez une s\u00e9lection de grands vins de Bourgogne, Champagnes, spiritueux et coffrets gourmands. Ce catalogue est sp\u00e9cialement d\u00e9di\u00e9 aux professionnels pour leurs cadeaux de fin d&#8217;ann\u00e9e.<\/p>\n\n\n\n<p>Pour en b\u00e9n\u00e9ficier, envoyez simplement un mail \u00e0 <a href=\"mailto:domaine@fredavelle.fr\">domaine@fredavelle.fr<\/a> en demandant notre catalogue accompagn\u00e9 de votre extrait de KBIS avant le 25 novembre 2024.<\/p>\n\n\n\n<p>Le retrait des commandes se fera au domaine du 9 au 21 d\u00e9cembre. Possibilit\u00e9 de livraison sur demande.<\/p>\n\n\n\n<hr class=\"wp-block-separator has-text-color has-white-color has-alpha-channel-opacity has-white-background-color has-background\"\/>\n\n\n\n<hr class=\"wp-block-separator has-text-color has-white-color has-alpha-channel-opacity has-white-background-color has-background\"\/>\n<\/div><figure class=\"wp-block-media-text__media\"><img loading=\"lazy\" decoding=\"async\" width=\"819\" height=\"1024\" src=\"https:\/\/fredavelle.fr\/wp-content\/uploads\/2024\/11\/Feed20Freadavelle201120copie203_VSCO.JPG-819x1024.jpg\" alt=\"\" class=\"wp-image-4869 size-full\" srcset=\"https:\/\/fredavelle.fr\/wp-content\/uploads\/2024\/11\/Feed20Freadavelle201120copie203_VSCO.JPG-819x1024.jpg 819w, https:\/\/fredavelle.fr\/wp-content\/uploads\/2024\/11\/Feed20Freadavelle201120copie203_VSCO.JPG-240x300.jpg 240w, https:\/\/fredavelle.fr\/wp-content\/uploads\/2024\/11\/Feed20Freadavelle201120copie203_VSCO.JPG.jpg 1080w\" sizes=\"auto, (max-width: 819px) 100vw, 819px\" \/><\/figure><\/div>\n\n\n\n<div class=\"wp-block-media-text alignfull is-stacked-on-mobile is-image-fill-element\"><figure class=\"wp-block-media-text__media\"><img loading=\"lazy\" decoding=\"async\" width=\"819\" height=\"1024\" src=\"https:\/\/fredavelle.fr\/wp-content\/uploads\/2024\/11\/bouchon-fredavelle-819x1024.jpg\" alt=\"\" class=\"wp-image-4877 size-full\" style=\"object-position:50% 50%\" srcset=\"https:\/\/fredavelle.fr\/wp-content\/uploads\/2024\/11\/bouchon-fredavelle-819x1024.jpg 819w, https:\/\/fredavelle.fr\/wp-content\/uploads\/2024\/11\/bouchon-fredavelle-240x300.jpg 240w, https:\/\/fredavelle.fr\/wp-content\/uploads\/2024\/11\/bouchon-fredavelle.jpg 1080w\" sizes=\"auto, (max-width: 819px) 100vw, 819px\" \/><\/figure><div class=\"wp-block-media-text__content\">\n<hr class=\"wp-block-separator has-text-color has-white-color has-alpha-channel-opacity has-white-background-color has-background\"\/>\n\n\n\n<hr class=\"wp-block-separator has-text-color has-white-color has-alpha-channel-opacity has-white-background-color has-background\"\/>\n\n\n\n<hr class=\"wp-block-separator has-text-color has-white-color has-alpha-channel-opacity has-white-background-color has-background\"\/>\n\n\n\n<h2 class=\"wp-block-heading\">Offrez un pr\u00e9sent qui a du sens<\/h2>\n\n\n\n<p style=\"font-size:clamp(14px, 0.875rem + ((1vw - 3.2px) * 0.265), 17px);\">Faire le choix d\u2019une bouteille de vin est bien plus qu\u2019un simple cadeau. Choisir un vin de vigneron, c\u2019est offrir un produit authentique, qui porte en lui l\u2019identit\u00e9 d\u2019une r\u00e9gion, d\u2019un terroir, d\u2019une histoire. C\u2019est un choix qui honore le local, la qualit\u00e9, et qui prend soin de la nature en empruntant un chemin plus court et plus respectueux. C\u2019est aussi la promesse de moments partag\u00e9s, de souvenirs intemporels, et de conversations qui se prolongent. Alors, pour vos cadeaux, pensez \u00e0 un vin qui fait \u00e9cho aux valeurs simples et sinc\u00e8res : un hommage \u00e0 ceux qui l\u2019ont cultiv\u00e9 et aux liens qu\u2019il cr\u00e9era.<\/p>\n\n\n\n<hr class=\"wp-block-separator has-text-color has-white-color has-alpha-channel-opacity has-white-background-color has-background\"\/>\n\n\n\n<hr class=\"wp-block-separator has-text-color has-white-color has-alpha-channel-opacity has-white-background-color has-background\"\/>\n<\/div><\/div>\n\n\n\n<p><\/p>\n","protected":false},"excerpt":{"rendered":"","protected":false},"author":1,"featured_media":0,"parent":0,"menu_order":0,"comment_status":"closed","ping_status":"closed","template":"page-templates\/full-width-transparent.php","meta":{"_uag_custom_page_level_css":"","inspiro_hide_title":false,"footnotes":""},"class_list":["post-4857","page","type-page","status-publish","hentry"],"yoast_head":"<!-- This site is optimized with the Yoast SEO plugin v27.5 - https:\/\/yoast.com\/product\/yoast-seo-wordpress\/ -->\n<title>Cadeaux clients<\/title>\n<meta name=\"robots\" content=\"index, follow, max-snippet:-1, max-image-preview:large, max-video-preview:-1\" \/>\n<link rel=\"canonical\" href=\"https:\/\/fredavelle.fr\/index.php\/cadeaux-clients\/\" \/>\n<meta property=\"og:locale\" content=\"fr_FR\" \/>\n<meta property=\"og:type\" content=\"article\" \/>\n<meta property=\"og:title\" content=\"Cadeaux clients\" \/>\n<meta property=\"og:url\" content=\"https:\/\/fredavelle.fr\/index.php\/cadeaux-clients\/\" \/>\n<meta property=\"article:publisher\" content=\"https:\/\/www.facebook.com\/domainefredavelle\" \/>\n<meta property=\"article:modified_time\" content=\"2024-11-14T09:39:34+00:00\" \/>\n<meta property=\"og:image\" content=\"https:\/\/fredavelle.fr\/wp-content\/uploads\/2024\/11\/Feed20Freadavelle201120copie203_VSCO.JPG.jpg\" \/>\n\t<meta property=\"og:image:width\" content=\"1080\" \/>\n\t<meta property=\"og:image:height\" content=\"1350\" \/>\n\t<meta property=\"og:image:type\" content=\"image\/jpeg\" \/>\n<meta name=\"twitter:card\" content=\"summary_large_image\" \/>\n<meta name=\"twitter:label1\" content=\"Dur\u00e9e de lecture estim\u00e9e\" \/>\n\t<meta name=\"twitter:data1\" content=\"1 minute\" \/>\n<script type=\"application\/ld+json\" class=\"yoast-schema-graph\">{\"@context\":\"https:\\\/\\\/schema.org\",\"@graph\":[{\"@type\":\"WebPage\",\"@id\":\"https:\\\/\\\/fredavelle.fr\\\/index.php\\\/cadeaux-clients\\\/\",\"url\":\"https:\\\/\\\/fredavelle.fr\\\/index.php\\\/cadeaux-clients\\\/\",\"name\":\"Cadeaux clients\",\"isPartOf\":{\"@id\":\"https:\\\/\\\/fredavelle.fr\\\/#website\"},\"primaryImageOfPage\":{\"@id\":\"https:\\\/\\\/fredavelle.fr\\\/index.php\\\/cadeaux-clients\\\/#primaryimage\"},\"image\":{\"@id\":\"https:\\\/\\\/fredavelle.fr\\\/index.php\\\/cadeaux-clients\\\/#primaryimage\"},\"thumbnailUrl\":\"https:\\\/\\\/fredavelle.fr\\\/wp-content\\\/uploads\\\/2024\\\/11\\\/Feed20Freadavelle201120copie203_VSCO.JPG-819x1024.jpg\",\"datePublished\":\"2024-11-13T15:20:32+00:00\",\"dateModified\":\"2024-11-14T09:39:34+00:00\",\"breadcrumb\":{\"@id\":\"https:\\\/\\\/fredavelle.fr\\\/index.php\\\/cadeaux-clients\\\/#breadcrumb\"},\"inLanguage\":\"fr-FR\",\"potentialAction\":[{\"@type\":\"ReadAction\",\"target\":[\"https:\\\/\\\/fredavelle.fr\\\/index.php\\\/cadeaux-clients\\\/\"]}]},{\"@type\":\"ImageObject\",\"inLanguage\":\"fr-FR\",\"@id\":\"https:\\\/\\\/fredavelle.fr\\\/index.php\\\/cadeaux-clients\\\/#primaryimage\",\"url\":\"https:\\\/\\\/fredavelle.fr\\\/wp-content\\\/uploads\\\/2024\\\/11\\\/Feed20Freadavelle201120copie203_VSCO.JPG.jpg\",\"contentUrl\":\"https:\\\/\\\/fredavelle.fr\\\/wp-content\\\/uploads\\\/2024\\\/11\\\/Feed20Freadavelle201120copie203_VSCO.JPG.jpg\",\"width\":1080,\"height\":1350,\"caption\":\"Processed with VSCO with m5 preset\"},{\"@type\":\"BreadcrumbList\",\"@id\":\"https:\\\/\\\/fredavelle.fr\\\/index.php\\\/cadeaux-clients\\\/#breadcrumb\",\"itemListElement\":[{\"@type\":\"ListItem\",\"position\":1,\"name\":\"Accueil\",\"item\":\"https:\\\/\\\/fredavelle.fr\\\/\"},{\"@type\":\"ListItem\",\"position\":2,\"name\":\"Cadeaux clients\"}]},{\"@type\":\"WebSite\",\"@id\":\"https:\\\/\\\/fredavelle.fr\\\/#website\",\"url\":\"https:\\\/\\\/fredavelle.fr\\\/\",\"name\":\"Domaine Fredavelle\",\"description\":\"vignerons en coteaux d&#039;aix-en-provence\",\"publisher\":{\"@id\":\"https:\\\/\\\/fredavelle.fr\\\/#organization\"},\"potentialAction\":[{\"@type\":\"SearchAction\",\"target\":{\"@type\":\"EntryPoint\",\"urlTemplate\":\"https:\\\/\\\/fredavelle.fr\\\/?s={search_term_string}\"},\"query-input\":{\"@type\":\"PropertyValueSpecification\",\"valueRequired\":true,\"valueName\":\"search_term_string\"}}],\"inLanguage\":\"fr-FR\"},{\"@type\":\"Organization\",\"@id\":\"https:\\\/\\\/fredavelle.fr\\\/#organization\",\"name\":\"Domaine Fredavelle\",\"url\":\"https:\\\/\\\/fredavelle.fr\\\/\",\"logo\":{\"@type\":\"ImageObject\",\"inLanguage\":\"fr-FR\",\"@id\":\"https:\\\/\\\/fredavelle.fr\\\/#\\\/schema\\\/logo\\\/image\\\/\",\"url\":\"https:\\\/\\\/fredavelle.fr\\\/wp-content\\\/uploads\\\/2024\\\/08\\\/logo-pied-de-page-313.png\",\"contentUrl\":\"https:\\\/\\\/fredavelle.fr\\\/wp-content\\\/uploads\\\/2024\\\/08\\\/logo-pied-de-page-313.png\",\"width\":313,\"height\":313,\"caption\":\"Domaine Fredavelle\"},\"image\":{\"@id\":\"https:\\\/\\\/fredavelle.fr\\\/#\\\/schema\\\/logo\\\/image\\\/\"},\"sameAs\":[\"https:\\\/\\\/www.facebook.com\\\/domainefredavelle\",\"https:\\\/\\\/www.instagram.com\\\/domainefredavelle\"]}]}<\/script>\n<!-- \/ Yoast SEO plugin. -->","yoast_head_json":{"title":"Cadeaux clients","robots":{"index":"index","follow":"follow","max-snippet":"max-snippet:-1","max-image-preview":"max-image-preview:large","max-video-preview":"max-video-preview:-1"},"canonical":"https:\/\/fredavelle.fr\/index.php\/cadeaux-clients\/","og_locale":"fr_FR","og_type":"article","og_title":"Cadeaux clients","og_url":"https:\/\/fredavelle.fr\/index.php\/cadeaux-clients\/","article_publisher":"https:\/\/www.facebook.com\/domainefredavelle","article_modified_time":"2024-11-14T09:39:34+00:00","og_image":[{"width":1080,"height":1350,"url":"https:\/\/fredavelle.fr\/wp-content\/uploads\/2024\/11\/Feed20Freadavelle201120copie203_VSCO.JPG.jpg","type":"image\/jpeg"}],"twitter_card":"summary_large_image","twitter_misc":{"Dur\u00e9e de lecture estim\u00e9e":"1 minute"},"schema":{"@context":"https:\/\/schema.org","@graph":[{"@type":"WebPage","@id":"https:\/\/fredavelle.fr\/index.php\/cadeaux-clients\/","url":"https:\/\/fredavelle.fr\/index.php\/cadeaux-clients\/","name":"Cadeaux clients","isPartOf":{"@id":"https:\/\/fredavelle.fr\/#website"},"primaryImageOfPage":{"@id":"https:\/\/fredavelle.fr\/index.php\/cadeaux-clients\/#primaryimage"},"image":{"@id":"https:\/\/fredavelle.fr\/index.php\/cadeaux-clients\/#primaryimage"},"thumbnailUrl":"https:\/\/fredavelle.fr\/wp-content\/uploads\/2024\/11\/Feed20Freadavelle201120copie203_VSCO.JPG-819x1024.jpg","datePublished":"2024-11-13T15:20:32+00:00","dateModified":"2024-11-14T09:39:34+00:00","breadcrumb":{"@id":"https:\/\/fredavelle.fr\/index.php\/cadeaux-clients\/#breadcrumb"},"inLanguage":"fr-FR","potentialAction":[{"@type":"ReadAction","target":["https:\/\/fredavelle.fr\/index.php\/cadeaux-clients\/"]}]},{"@type":"ImageObject","inLanguage":"fr-FR","@id":"https:\/\/fredavelle.fr\/index.php\/cadeaux-clients\/#primaryimage","url":"https:\/\/fredavelle.fr\/wp-content\/uploads\/2024\/11\/Feed20Freadavelle201120copie203_VSCO.JPG.jpg","contentUrl":"https:\/\/fredavelle.fr\/wp-content\/uploads\/2024\/11\/Feed20Freadavelle201120copie203_VSCO.JPG.jpg","width":1080,"height":1350,"caption":"Processed with VSCO with m5 preset"},{"@type":"BreadcrumbList","@id":"https:\/\/fredavelle.fr\/index.php\/cadeaux-clients\/#breadcrumb","itemListElement":[{"@type":"ListItem","position":1,"name":"Accueil","item":"https:\/\/fredavelle.fr\/"},{"@type":"ListItem","position":2,"name":"Cadeaux clients"}]},{"@type":"WebSite","@id":"https:\/\/fredavelle.fr\/#website","url":"https:\/\/fredavelle.fr\/","name":"Domaine Fredavelle","description":"vignerons en coteaux d&#039;aix-en-provence","publisher":{"@id":"https:\/\/fredavelle.fr\/#organization"},"potentialAction":[{"@type":"SearchAction","target":{"@type":"EntryPoint","urlTemplate":"https:\/\/fredavelle.fr\/?s={search_term_string}"},"query-input":{"@type":"PropertyValueSpecification","valueRequired":true,"valueName":"search_term_string"}}],"inLanguage":"fr-FR"},{"@type":"Organization","@id":"https:\/\/fredavelle.fr\/#organization","name":"Domaine Fredavelle","url":"https:\/\/fredavelle.fr\/","logo":{"@type":"ImageObject","inLanguage":"fr-FR","@id":"https:\/\/fredavelle.fr\/#\/schema\/logo\/image\/","url":"https:\/\/fredavelle.fr\/wp-content\/uploads\/2024\/08\/logo-pied-de-page-313.png","contentUrl":"https:\/\/fredavelle.fr\/wp-content\/uploads\/2024\/08\/logo-pied-de-page-313.png","width":313,"height":313,"caption":"Domaine Fredavelle"},"image":{"@id":"https:\/\/fredavelle.fr\/#\/schema\/logo\/image\/"},"sameAs":["https:\/\/www.facebook.com\/domainefredavelle","https:\/\/www.instagram.com\/domainefredavelle"]}]}},"uagb_featured_image_src":{"full":false,"thumbnail":false,"medium":false,"medium_large":false,"large":false,"1536x1536":false,"2048x2048":false,"inspiro-featured-image":false,"inspiro-loop":false,"inspiro-loop@2x":false,"tlp-portfolio-thumb":false},"uagb_author_info":{"display_name":"Domaine Fredavelle","author_link":"https:\/\/fredavelle.fr\/index.php\/author\/wordpress-owi\/"},"uagb_comment_info":0,"uagb_excerpt":null,"_links":{"self":[{"href":"https:\/\/fredavelle.fr\/index.php\/wp-json\/wp\/v2\/pages\/4857","targetHints":{"allow":["GET"]}}],"collection":[{"href":"https:\/\/fredavelle.fr\/index.php\/wp-json\/wp\/v2\/pages"}],"about":[{"href":"https:\/\/fredavelle.fr\/index.php\/wp-json\/wp\/v2\/types\/page"}],"author":[{"embeddable":true,"href":"https:\/\/fredavelle.fr\/index.php\/wp-json\/wp\/v2\/users\/1"}],"replies":[{"embeddable":true,"href":"https:\/\/fredavelle.fr\/index.php\/wp-json\/wp\/v2\/comments?post=4857"}],"version-history":[{"count":15,"href":"https:\/\/fredavelle.fr\/index.php\/wp-json\/wp\/v2\/pages\/4857\/revisions"}],"predecessor-version":[{"id":4887,"href":"https:\/\/fredavelle.fr\/index.php\/wp-json\/wp\/v2\/pages\/4857\/revisions\/4887"}],"wp:attachment":[{"href":"https:\/\/fredavelle.fr\/index.php\/wp-json\/wp\/v2\/media?parent=4857"}],"curies":[{"name":"wp","href":"https:\/\/api.w.org\/{rel}","templated":true}]}}